 o(p) = p + 3. Suppose 0 = 3*t + t + 36. Let n(s) = -1. Let j(m) = t*n(m) - 4*o(m). Give j(-2).
5
Let r be (-3)/6 + (-14)/(-4). Let l(o) = -7*o - 2 - 5*o**2 + 6*o + 7 + o**r. Determine l(5).
0
Let w(u) = u**3 + 5*u**2 + 4*u + 5. Let l(g) = -g - 18. Let a be l(-14). Give w(a).
5
Let m = 7 - 12. Let n(f) = -6*f**2 + 4*f + 5. Let j(p) = 5*p**2 - 4*p - 4. Let q(i) = -7*j(i) - 6*n(i). Determine q(m).
3
Suppose -3*l = -q - 18, q - 4*l = 12 - 35. Let s(c) = -c**2 + 2*c + 1. Let r(t) = t**2 - 3*t - 2. Let w(k) = q*s(k) - 2*r(k). Calculate w(0).
1
Let w(o) = -5*o. Let i(u) = -1. Let m(k) = -14*k - 4. Let a(l) = 4*i(l) - m(l). Let p(f) = -6*a(f) - 17*w(f). Give p(1).
1
Let t(q) be the second derivative of q**5/20 + 5*q**4/12 + q**3/2 - 2*q**2 + q. Suppose 0 = -4*c - 5*w - 32, -2*c + w - 10 = 2*w. Determine t(c).
5
Let b(c) be the first derivative of 3/2*c**2 - 4 - 1/3*c**3 + 2*c. Give b(4).
-2
Let j(l) = l. Let y(b) = -6*b + 6. Let f(k) = 5*j(k) + y(k). Suppose 0 = -3*c + 4*q + 29, 2*c + 5*q + 19 = -0*c. Determine f(c).
3
Let s(a) = -a**3 - 5*a**2 - 4*a - 6. Let m be s(-4). Let d(w) = -w**2 - 7*w - 9. What is d(m)?
-3
Let s(a) = -a**2 + a - 3. Let f(c) = c**2 + 2. Let x(d) = 3*f(d) + 2*s(d). Give x(-2).
0
Let l(d) = -d**3 + 6*d**2 - 3*d + 1. Let v be l(2). Let i = -11 + v. Let g(h) be the second derivative of -h**4/12 + h**3/6 + 2*h**2 - h. Determine g(i).
4
Let l(q) = 2 - 3*q + 0 + 0*q + 2*q**3 - 2*q**2. Let n be l(2). Suppose n*u = -0*u + 16. Let t(j) = j**3 - 3*j**2 - 6*j + 5. Determine t(u).
-3
Let d(y) = -12 + 2 + 2 - 5*y + 7. What is d(-2)?
9
Let o(v) = 2*v**2 - 2*v + 1. Let b(i) = -i**3 + i + 3. Let a be b(3). Let y be (-5)/(-7) - 6/a. Calculate o(y).
1
Let t = 26 - 16. Suppose t = l + l. Let p(o) = o**3 - 5*o**2 + 1. Calculate p(l).
1
Let f(u) be the second derivative of 1/12*u**4 + u + 0 + 2/3*u**3 + u**2. Give f(-4).
2
Let q(p) = -3*p + 8. Let s(k) = -k**3 + 29*k**2 - 26*k - 62. Let r be s(28). What is q(r)?
26
Let p(o) be the second derivative of -o**5/20 - o**4/3 - o**3/3 + 3*o**2/2 - 11*o. Give p(-3).
0
Let v(t) be the first derivative of 3*t**4 + 2*t**3/3 + t**2/2 + 1. Suppose 0 = 3*a + a + 4. Give v(a).
-11
Let x(b) = -7*b + b**3 - 6*b**2 + 6*b - 2*b. Calculate x(6).
-18
Let m(f) be the first derivative of -3*f - 1/3*f**3 + 1/4*f**4 - 2 - 2*f**2. Suppose 4 = 2*v - 4*v. Give m(v).
-7
Let r(h) = 5*h - h**2 + h - 2*h - 5. Let b be ((-1)/3)/(3/(-36)). What is r(b)?
-5
Suppose -s - 5*i = 2*s, 4*s = -4*i + 8. Let g = 8 - 5. Let z(c) = c + c**3 - 5 - 6*c**2 + g*c + c. Determine z(s).
-5
Let v(w) be the third derivative of w**6/120 + w**5/60 + w**4/24 - 2*w**3/3 + 11*w**2. Calculate v(0).
-4
Let u(q) = q**2 - 2*q + 3. Let k(g) = -2*g**2 + 3*g - 5. Let h(m) = -3*k(m) - 5*u(m). Suppose 2*z = -d - 6, d + 0 - 6 = z. Let v = d - 6. Calculate h(v).
12
Suppose -28 = -4*j - 4*u, 4*j = -3*u + 24 - 0. Let l(i) = -i - j + 2 + 5. Calculate l(4).
0
Let k be (4 + -1 + -3)/(-2). Let g = k - -1. Let q(u) = 2*u**2 - 2*u + 1. Calculate q(g).
1
Suppose 4*g = -3*h + 19 - 3, -3*h = 5*g - 20. Let y(a) = 8*a**3 + 3*a**2 - 14*a. Let f(r) = -3*r**3 - r**2 + 5*r. Let z(i) = 11*f(i) + 4*y(i). Calculate z(h).
0
Let r(j) = 13*j**2 + 4*j + 7. Let b(o) = 2 + o + o**2 + 6*o**2 - 4*o**2. Let w(z) = 9*b(z) - 2*r(z). Let l(s) = -s**2 + 7*s - 6. Let a be l(6). Calculate w(a).
4
Let i(k) = k + 2. Let c be (-4)/26 + 54/13. Give i(c).
6
Suppose 0 = i - 1 - 1. Let z(d) = -2*d + i*d**2 + d**2 + d**2 - 3*d**2 + 4. What is z(4)?
12
Let h(i) be the first derivative of i**3/3 - 5*i**2/2 + 2*i - 9. Calculate h(2).
-4
Suppose -4*m = -1 + 5, m + 13 = 4*h. Let i(z) be the third derivative of -h*z**2 + 0*z + 1/24*z**4 + 5/6*z**3 + 0. Calculate i(-5).
0
Let w(l) be the third derivative of -l**6/120 - l**3/3 - 6*l**2. Let s(u) = -u - 6. Let p be s(-6). Give w(p).
-2
Suppose -2*p + 3*f - 7*f + 2 = 0, 0 = 3*p - 2*f + 13. Let b(g) be the third derivative of g**4/6 + 2*g**3/3 + g**2. What is b(p)?
-8
Let r(k) = -5*k**3 + 2*k**2 - 10*k + 4. Let m(z) = -9*z**3 + 3*z**2 - 19*z + 7. Let p(q) = -6*m(q) + 11*r(q). Give p(5).
-3
Let n(s) = 0*s - s - s + 3 - 3*s. Let z(w) = 1. Let u(h) = -1. Let g(o) = -4*u(o) - 5*z(o). Let f(c) = -5*g(c) - n(c). Calculate f(-2).
-8
Suppose l = -2*l + 4*n - 12, 0 = -l + 5*n - 4. Let h(q) be the first derivative of -3*q**2/2 - 5*q + 1. What is h(l)?
7
Let w(g) = -1 - 2*g**2 - 4*g**2 + g + 4*g**2. Suppose -3*a - o - 6 = -8*a, -2*a + o = 0. Calculate w(a).
-7
Let b = 1 - -3. Suppose 0 = 2*t - b*t - 2. Let g(i) = -5*i**2 + i. Give g(t).
-6
Let n(i) = -2*i**2 + 9*i - 6. Suppose 5 = 3*g + 4*v, 5*v = 5*g + 2*v - 18. Let d(u) = -u**2 + u - 1. Let a(m) = g*d(m) - n(m). Determine a(-6).
3
Let o(x) be the third derivative of x**7/840 + x**6/90 + x**5/120 - 5*x**4/24 + 5*x**3/6 - x**2. Let s(l) be the first derivative of o(l). What is s(-4)?
-9
Let b(q) = -q**2 - 7*q - 5. Let l = -34 + 27. What is b(l)?
-5
Let y(n) = -6*n - 3. Let q(z) = -17*z - 10. Let x(v) = 4*q(v) - 11*y(v). Determine x(-6).
5
Let v be (3/(-2))/((-6)/20). Suppose 2*k - 2 = -0. Let u(s) = v*s - 4*s + s - s**3 - k. What is u(2)?
-5
Let z(c) = -4*c + 2. Let n(q) = 5*q - 4. Let u(a) = -3*n(a) - 4*z(a). Determine u(-3).
1
Suppose -13 - 7 = -5*p. Suppose -5*z - p*y = -10 - 30, z + 2*y - 14 = 0. Let u(o) = o**2 - 1. Let g(a) = -2*a**2 - 3*a + 3. Let m(b) = g(b) + 3*u(b). Give m(z).
4
Let i(n) = n**3 + 3*n**2 + 7. Let c(x) = x**3 + 3*x**2 + x + 6. Suppose -q - q = 8. Let z(v) = q*c(v) + 3*i(v). What is z(-2)?
1
Let t(n) = n - 2. Let r(v) = -v + 3. Let c be r(0). Determine t(c).
1
Let k(z) = -2*z - 6. Suppose -3*v + 48 = -42. Let j = v - 15. Suppose -t = -4*t - j. Give k(t).
4
Let a be (-10)/(-2) + 15/(-5). Let u(w) = 2 - 5 + w**2 + 3 - a + 3*w. What is u(-4)?
2
Let p(i) = -i**3 + 5*i**2 - 3*i + 4. Suppose -b + 10 = -6*b. Let a = 6 - 3. Let o be (b/a)/(2/(-15)). Calculate p(o).
-11
Let l(v) = -6*v. Let y = 4 + -9. Let u = y + 5. Let g be ((-2)/(-2))/(1 + u). Calculate l(g).
-6
Let y be (-2)/(-7) - 48/(-28). Let p(w) = -w**3 + w**2 + 1. Let z be p(y). Let l(c) = 2*c**2 + 4*c + 4. Give l(z).
10
Let y(f) = f - 10. Let x be y(4). Let t(m) = -6*m - 3*m**2 + 2*m**2 + m. Give t(x).
-6
Let k(a) = -4 - 12 - a - 13 + 30. Give k(6).
-5
Suppose -6 = -5*j - 2*p, 5*p - p + 4 = -2*j. Let x(q) = 2*q + 1 + q - 4*q + 3*q**j. Determine x(1).
3
Let t(r) = -5*r**2 + 6*r + 3. Let c(g) = -g**2 + 1. Let m(u) = 4*c(u) - t(u). Give m(3).
-8
Let j(u) be the first derivative of u**3/3 - u**2 - u - 1. Determine j(2).
-1
Let g(o) = -5*o**2. Let u = 12 - 11. Calculate g(u).
-5
Suppose 3*q = 5*u - 9, -3*u - 3*q + 0*q + 15 = 0. Let r(h) = -3*h**3 + 2 + h**u + h**3 - 6 + 2*h - h**2. Give r(-3).
8
Let k(c) = -2*c**2 + c + 1. Let z be k(2). Let u(m) = m**3 + 4*m**2 - 7*m - 6. Calculate u(z).
4
Let n = -2 - -6. Let v be 2/2*(7 - 2). Let x(a) = 2 + 2*a**3 + v*a**2 - 6 - 4*a - 3*a**3. Calculate x(n).
-4
Suppose 0 = y - 6*y + 3*j - 1, 2*y - 5 = 3*j. Let o(q) = 2*q + 1. Calculate o(y).
-3
Let z(i) be the third derivative of i**6/120 + i**5/60 + i**4/24 + i**3/2 + 3*i**2. What is z(0)?
3
Let g(t) = -t**3 - t**2 + t + 4. Let d be g(0). Let l(w) = 5*w**2 - 6*w + 10. Let y(v) = -6*v**2 + 6*v - 11. Let s(x) = -5*l(x) - 4*y(x). What is s(d)?
2
Let a(q) = -2*q - 3. Let x(b) = -b**2 - 7*b - 10. Let o be x(-6). Calculate a(o).
5
Let f(o) = -7*o + 9. Let q(w) = 8*w - 10. Let u(h) = 7*f(h) + 6*q(h). Give u(-4).
7
Let b(h) = 0*h - 1 - 2*h + 0. Let a(l) = l**2 + 2*l - 4. Let s be a(-3). Let j be 2/(-2) - (3 + s). What is b(j)?
5
Let g(z) = 0*z + 7*z + z**2 + 2 + 1. Let y be g(-7). Let w(r) = -4*r**2 + 2*r**3 - r**y + 0 + 5*r**2 - 1. Determine w(0).
-1
Let z(f) = -f - 2. Suppose 8 = 5*j - 7. Suppose 4*k = 4*v + 20, -5*k + 2*k + 9 = j*v. What is z(v)?
-1
Let j(t) = -t**3 + 3*t - 1. Let n = 5 - 3. Suppose 0*k - 16 = -n*k. Let u be (24/(-16))/((-6)/k). Determine j(u).
-3
Let a(z) = z. Let n be (-30)/25 + (-2)/(-10). Let q be a(n). Let b(j) = 6*j**3 - j**2 - 2*j - 1. What is b(q)?
-6
Let v = -1495/6 + 250. Let m(x) be the third derivative of 1/4*x**4 + 3*x**2 - 1/60*x**5 - v*x**3 + 0 + 0*x. Determine m(5).
0
Let s(i) = -2*i**3 + 21*i**2 + 3*i**3 + 15 - 26*i**2 - 9*i. Let p be s(6). Let n(h) = -h**3 - 2*h**2 + 2*h - 1. Give n(p).
2
Let n(o) = -o**2 + o - 3. Let q(a) = a**2 - a + 4